{"id":404,"date":"2026-02-19T12:26:17","date_gmt":"2026-02-19T12:26:17","guid":{"rendered":"https:\/\/maga-aid.org\/?page_id=404"},"modified":"2026-02-19T12:26:18","modified_gmt":"2026-02-19T12:26:18","slug":"volontaires","status":"publish","type":"page","link":"https:\/\/maga-aid.org\/?page_id=404&lang=fr","title":{"rendered":"VOLONTAIRES"},"content":{"rendered":"\n<h2 class=\"wp-block-heading\">Votre expertise au service de l&#8217;urgence.<\/h2>\n\n\n\n<p><em>Le b\u00e9n\u00e9volat chez MAGA, ce n&#8217;est pas (seulement) porter des cartons. C&#8217;est du b\u00e9n\u00e9volat de comp\u00e9tences. Mettez votre cerveau au service de ceux qui en ont besoin.<\/em><\/p>\n\n\n\n<p><strong>Nous cherchons des &#8220;Techniciens Solidaires&#8221;<\/strong><\/p>\n\n\n\n<p>Vous \u00eates \u00e9tudiant en \u00e9cole d&#8217;ing\u00e9nieur ? Professionnel en activit\u00e9 ? Retrait\u00e9 du BTP ? MAGA a besoin de comp\u00e9tences pr\u00e9cises pour des missions courtes (2 semaines \u00e0 3 mois) ou du travail \u00e0 distance.<\/p>\n\n\n\n<ul class=\"wp-block-list\">\n<li><strong>Audit technique :<\/strong> V\u00e9rifier des plans de construction \u00e0 distance.<\/li>\n\n\n\n<li><strong>Traduction technique :<\/strong> Traduire des manuels de maintenance de pompes.<\/li>\n\n\n\n<li><strong>Formation :<\/strong> Donner des cours de code ou de m\u00e9canique via Zoom \u00e0 nos \u00e9quipes locales.<\/li>\n<\/ul>\n\n\n\n<p><strong>Rejoignez la &#8220;Data Task Force&#8221;<\/strong><\/p>\n\n\n\n<p>Depuis chez vous, aidez-nous \u00e0 cartographier les zones de crise. MAGA collabore avec OpenStreetMap pour num\u00e9riser les routes et b\u00e2timents des zones inaccessibles \u00e0 partir d&#8217;images satellites.<\/p>\n\n\n\n<ul class=\"wp-block-list\">\n<li><strong>Profils :<\/strong> Data Analysts, D\u00e9veloppeurs Python, Cartographes.<\/li>\n\n\n\n<li><strong>Engagement :<\/strong> 2 \u00e0 4 heures par semaine.<\/li>\n<\/ul>\n\n\n\n<p><strong>Les Missions &#8220;Coup de Poing&#8221;<\/strong><\/p>\n\n\n\n<p>Pour les profils aguerris, nous organisons des missions de renfort lors de catastrophes majeures.<\/p>\n\n\n\n<ul class=\"wp-block-list\">\n<li><strong>Pr\u00e9-requis :<\/strong> Anglais courant, excellente condition physique, formation aux premiers secours (PSC1).<\/li>\n\n\n\n<li><strong>Note :<\/strong> Ces missions sont non r\u00e9mun\u00e9r\u00e9es mais d\u00e9fray\u00e9es (Vol\/Logement).<\/li>\n<\/ul>\n\n\n\n<p><strong>Devenir Volontaire<\/strong><\/p>\n\n\n<style id=\"wpforms-css-vars-385-block-174f03a4-2a61-4831-b0a0-f968a39aee83\">\n\t\t\t\t#wpforms-385.wpforms-block-174f03a4-2a61-4831-b0a0-f968a39aee83 {\n\t\t\t\t--wpforms-field-size-input-height: 43px;\n--wpforms-field-size-input-spacing: 15px;\n--wpforms-field-size-font-size: 16px;\n--wpforms-field-size-line-height: 19px;\n--wpforms-field-size-padding-h: 14px;\n--wpforms-field-size-checkbox-size: 16px;\n--wpforms-field-size-sublabel-spacing: 5px;\n--wpforms-field-size-icon-size: 1;\n--wpforms-label-size-font-size: 16px;\n--wpforms-label-size-line-height: 19px;\n--wpforms-label-size-sublabel-font-size: 14px;\n--wpforms-label-size-sublabel-line-height: 17px;\n--wpforms-button-size-font-size: 17px;\n--wpforms-button-size-height: 41px;\n--wpforms-button-size-padding-h: 15px;\n--wpforms-button-size-margin-top: 10px;\n\t\t\t}\n\t\t\t<\/style><div class=\"wpforms-container wpforms-container-full wpforms-block wpforms-block-174f03a4-2a61-4831-b0a0-f968a39aee83 wpforms-render-modern\" id=\"wpforms-385\"><form id=\"wpforms-form-385\" class=\"wpforms-validate wpforms-form wpforms-ajax-form\" data-formid=\"385\" method=\"post\" enctype=\"multipart\/form-data\" action=\"\/index.php?rest_route=%2Fwp%2Fv2%2Fpages%2F404\" data-token=\"9b67db6ca5fdaed596e13eb92c6123be\" data-token-time=\"1775400155\"><noscript class=\"wpforms-error-noscript\">Please enable JavaScript in your browser to complete this form.<\/noscript><div id=\"wpforms-error-noscript\" style=\"display: none;\">Please enable JavaScript in your browser to complete this form.<\/div><div class=\"wpforms-field-container\"><div id=\"wpforms-385-field_1-container\" class=\"wpforms-field wpforms-field-name\" data-field-id=\"1\"><fieldset><legend class=\"wpforms-field-label\">Name <span class=\"wpforms-required-label\" aria-hidden=\"true\">*<\/span><\/legend><div class=\"wpforms-field-row wpforms-field-medium\"><div class=\"wpforms-field-row-block wpforms-first wpforms-one-half\"><input type=\"text\" id=\"wpforms-385-field_1\" class=\"wpforms-field-name-first wpforms-field-required\" name=\"wpforms[fields][1][first]\" aria-errormessage=\"wpforms-385-field_1-error\" required><label for=\"wpforms-385-field_1\" class=\"wpforms-field-sublabel after\">First<\/label><\/div><div class=\"wpforms-field-row-block wpforms-one-half\"><input type=\"text\" id=\"wpforms-385-field_1-last\" class=\"wpforms-field-name-last wpforms-field-required\" name=\"wpforms[fields][1][last]\" aria-errormessage=\"wpforms-385-field_1-last-error\" required><label for=\"wpforms-385-field_1-last\" class=\"wpforms-field-sublabel after\">Last<\/label><\/div><\/div><\/fieldset><\/div>\t\t<div id=\"wpforms-385-field_4-container\"\n\t\t\tclass=\"wpforms-field wpforms-field-text\"\n\t\t\tdata-field-type=\"text\"\n\t\t\tdata-field-id=\"4\"\n\t\t\t>\n\t\t\t<label class=\"wpforms-field-label\" for=\"wpforms-385-field_4\" >Name Email Phone<\/label>\n\t\t\t<input type=\"text\" id=\"wpforms-385-field_4\" class=\"wpforms-field-medium\" name=\"wpforms[fields][4]\" >\n\t\t<\/div>\n\t\t<div id=\"wpforms-385-field_2-container\" class=\"wpforms-field wpforms-field-email\" data-field-id=\"2\"><label class=\"wpforms-field-label\" for=\"wpforms-385-field_2\">Email <span class=\"wpforms-required-label\" aria-hidden=\"true\">*<\/span><\/label><input type=\"email\" id=\"wpforms-385-field_2\" class=\"wpforms-field-medium wpforms-field-required\" name=\"wpforms[fields][2]\" spellcheck=\"false\" aria-errormessage=\"wpforms-385-field_2-error\" required><\/div><div id=\"wpforms-385-field_3-container\" class=\"wpforms-field wpforms-field-number\" data-field-id=\"3\"><label class=\"wpforms-field-label\" for=\"wpforms-385-field_3\">Phone <span class=\"wpforms-required-label\" aria-hidden=\"true\">*<\/span><\/label><input type=\"number\" id=\"wpforms-385-field_3\" class=\"wpforms-field-medium wpforms-field-required\" name=\"wpforms[fields][3]\" step=\"any\" aria-errormessage=\"wpforms-385-field_3-error\" required><\/div><script>\n\t\t\t\t( function() {\n\t\t\t\t\tconst style = document.createElement( 'style' );\n\t\t\t\t\tstyle.appendChild( document.createTextNode( '#wpforms-385-field_4-container { position: absolute !important; overflow: hidden !important; display: inline !important; height: 1px !important; width: 1px !important; z-index: -1000 !important; padding: 0 !important; } #wpforms-385-field_4-container input { visibility: hidden; } #wpforms-conversational-form-page #wpforms-385-field_4-container label { counter-increment: none; }' ) );\n\t\t\t\t\tdocument.head.appendChild( style );\n\t\t\t\t\tdocument.currentScript?.remove();\n\t\t\t\t} )();\n\t\t\t<\/script><\/div><!-- .wpforms-field-container --><div class=\"wpforms-submit-container\" ><input type=\"hidden\" name=\"wpforms[id]\" value=\"385\"><input type=\"hidden\" name=\"page_title\" value=\"\"><input type=\"hidden\" name=\"page_url\" value=\"https:\/\/maga-aid.org\/index.php?rest_route=\/wp\/v2\/pages\/404\"><input type=\"hidden\" name=\"url_referer\" value=\"\"><button type=\"submit\" name=\"wpforms[submit]\" id=\"wpforms-submit-385\" class=\"wpforms-submit\" data-alt-text=\"Sending...\" data-submit-text=\"Submit\" aria-live=\"assertive\" value=\"wpforms-submit\">Submit<\/button><img loading=\"lazy\" decoding=\"async\" src=\"https:\/\/maga-aid.org\/wp-content\/plugins\/wpforms-lite\/assets\/images\/submit-spin.svg\" class=\"wpforms-submit-spinner\" style=\"display: none;\" width=\"26\" height=\"26\" alt=\"Loading\"><\/div><\/form><\/div>  <!-- .wpforms-container -->","protected":false},"excerpt":{"rendered":"<p>Votre expertise au service de l&#8217;urgence. Le b\u00e9n\u00e9volat chez MAGA, ce n&#8217;est pas (seulement) porter des cartons. C&#8217;est du b\u00e9n\u00e9volat de comp\u00e9tences. Mettez votre cerveau au service de ceux qui en ont besoin. Nous cherchons des &#8220;Techniciens Solidaires&#8221; Vous \u00eates \u00e9tudiant en \u00e9cole d&#8217;ing\u00e9nieur ? Professionnel en activit\u00e9 ? Retrait\u00e9 du BTP ? MAGA a&#8230;<\/p>\n","protected":false},"author":1,"featured_media":0,"parent":0,"menu_order":0,"comment_status":"closed","ping_status":"closed","template":"","meta":{"_kad_post_transparent":"","_kad_post_title":"","_kad_post_layout":"","_kad_post_sidebar_id":"","_kad_post_content_style":"","_kad_post_vertical_padding":"","_kad_post_feature":"","_kad_post_feature_position":"","_kad_post_header":false,"_kad_post_footer":false,"_kad_post_classname":"","footnotes":""},"class_list":["post-404","page","type-page","status-publish","hentry"],"_links":{"self":[{"href":"https:\/\/maga-aid.org\/index.php?rest_route=\/wp\/v2\/pages\/404","targetHints":{"allow":["GET"]}}],"collection":[{"href":"https:\/\/maga-aid.org\/index.php?rest_route=\/wp\/v2\/pages"}],"about":[{"href":"https:\/\/maga-aid.org\/index.php?rest_route=\/wp\/v2\/types\/page"}],"author":[{"embeddable":true,"href":"https:\/\/maga-aid.org\/index.php?rest_route=\/wp\/v2\/users\/1"}],"replies":[{"embeddable":true,"href":"https:\/\/maga-aid.org\/index.php?rest_route=%2Fwp%2Fv2%2Fcomments&post=404"}],"version-history":[{"count":1,"href":"https:\/\/maga-aid.org\/index.php?rest_route=\/wp\/v2\/pages\/404\/revisions"}],"predecessor-version":[{"id":408,"href":"https:\/\/maga-aid.org\/index.php?rest_route=\/wp\/v2\/pages\/404\/revisions\/408"}],"wp:attachment":[{"href":"https:\/\/maga-aid.org\/index.php?rest_route=%2Fwp%2Fv2%2Fmedia&parent=404"}],"curies":[{"name":"wp","href":"https:\/\/api.w.org\/{rel}","templated":true}]}}